. Suppose 3*i + f = 4*r + 11, -13 = -2*r + i. What is the units digit of r?
8
Let w(h) = h**2 - 10*h. Let t be w(11). Let l = t + -6. Suppose 3*j - 58 = -2*c, 17 - l = 3*j. What is the tens digit of c?
2
Let z = -29 - -7. Let v = z - 4. Let t = 70 + v. What is the tens digit of t?
4
Let b = 29 - 8. Let o = b - 17. What is the units digit of (-278)/(-8) + (-3)/o?
4
Let y = -82 - -78. What is the tens digit of y/(3 + -11)*214?
0
Let x be (-26)/(-91) - 1367/7. Let n = x + 283. Let f = -57 + n. What is the units digit of f?
1
Suppose -330*r + 327*r - 3*g + 18102 = 0, -5*r + 30178 = 3*g. What is the tens digit of r?
3
Suppose 4*y = -4*b - b + 304, 3*b = 2*y + 178. Let c = -67 + 70. Suppose -c*v + b = 2*v. What is the units digit of v?
2
Suppose -2*n + 7*n = 0. Let z(b) = -4*b - 4. Let q be z(8). Let l = n - q. What is the units digit of l?
6
Let c = 732 + -371. What is the tens digit of c?
6
Let v be (24/10)/(-2*(-1)/5). Suppose -9*y + 600 = v*y. What is the tens digit of y?
4
Suppose 0 = 4*n - 7 - 5. Suppose -2*t = -n*f - 406, 2*t - 5*f = -t + 611. What is the hundreds digit of t?
1
Let p = -13 + 28. Suppose -t + 10 = 4*t + 4*g, 3*g - p = -5*t. Suppose 0 = 2*r + t - 60. What is the units digit of r?
7
Let l be 6/4*(-78)/(-9). Suppose 3*b = -l + 16. What is the tens digit of b + 9 + 16/16?
1
Let c = 29 + -24. Suppose -2*q + m + 43 = -78, 4*m = c*q - 298. What is the tens digit of q?
6
Let m(r) = 5*r - 2. Let t be m(-1). Let a = t + 29. What is the units digit of a?
2
Let q = -307 + 480. What is the tens digit of q?
7
Let v(c) = -32*c - 47. What is the tens digit of v(-10)?
7
Let d = -7 + -4. What is the hundreds digit of 98 - d - (-1 - 1)?
1
Let p(a) be the third derivative of a**5/60 + a**4/12 + 9*a**3 + 6*a**2. What is the tens digit of p(0)?
5
Suppose 3*k - 4 = -4*g, -4*g - 5*k + 3*k = -8. Suppose -451 = -3*l - 3*n + n, 3*l = g*n + 439. What is the tens digit of l?
4
Let h be (5 - 20)*(-4)/12. Suppose -2*g = -5*t + 30, 2*g - 4 + 2 = -3*t. Suppose -t*o = -h*o + 38. What is the tens digit of o?
3
Let i(r) = -132*r + 19. Let m be i(-3). Suppose -210 = -f - w, -4*w - m = -2*f - 5*w. What is the tens digit of f?
0
Let v be 36/9 - 2*1. Let x(l) = v*l + 3 - 7*l + 6*l + 2. What is the units digit of x(-4)?
1
Suppose 0 = u - 3*n + 10, 0 = -4*u - 3*n + 39 - 4. What is the units digit of u?
5
Suppose 21*d + 3*u - 1029 = 16*d, -5*d + 3*u + 1011 = 0. What is the units digit of d?
4
Let a(d) = -d**3 - 3*d**2 + 2*d. Let b be a(-3). Let f be ((-6)/8)/(371/28 + -14). What is the tens digit of (1 - b)*(2 + f)?
2
Suppose 4*w - 5*x - 3728 = -3*x, 4*x = w - 932. What is the hundreds digit of w?
9
Let f(j) = j**2 - 2*j. Let m be f(0). Suppose l - 1410 = -4*w - l, m = -w + 2*l + 355. What is the units digit of w?
3
Suppose -9*i + 9726 = -1452. What is the thousands digit of i?
1
Let s = 1129 + -924. What is the tens digit of s?
0
Let a(r) = 315*r + 7. What is the units digit of a(4)?
7
Let q = 112 - -212. Suppose 15*h = 11*h + q. What is the units digit of h?
1
Let r = -352 + 402. What is the tens digit of r?
5
Let y = 35 - -64. Let a be (3/(-2))/(((-231)/(-700))/11). Let n = y + a. What is the units digit of n?
9
Suppose 5*z - 115 = 5. Let q(v) = -3*v - 1. Let o be q(-2). Suppose -z = -o*c + 301. What is the units digit of c?
5
Let l be 8 + ((3/3)/(-1) - 2). Suppose 2*w - 3*h = 340, -l*w + 0*h + 872 = -2*h. What is the units digit of w?
6
Suppose 3*p = 5*q + 27, -3*p - 7*q + 3*q = 0. Suppose 3*c - p = -46. Let u(w) = -w**2 - 16*w + 5. What is the units digit of u(c)?
3
Let t(w) = -217*w - 5. Let z be t(-2). Let g = -211 + z. What is the hundreds digit of g?
2
Let b be (2 - 4) + (-6)/(-2). What is the units digit of 23/b - (1 - -3)?
9
Let b = 12 + 25. Let h = -27 + b. What is the units digit of h?
0
Suppose -2*c + 943 = -4*j + 139, -1977 = -5*c - j. Suppose -5*f + 2*p + p = -c, 3*f + 3*p - 252 = 0. What is the tens digit of f?
8
Let t(r) = -r - 3. Let g = -2 - 3. Let m be t(g). Suppose m = k - 24. What is the units digit of k?
6
Let i(m) be the second derivative of m**5/20 + 5*m**4/6 + 11*m**3/6 + 3*m**2 + 4*m. What is the tens digit of i(-8)?
4
Suppose -2*n - 855 = -4*y - 3*n, 650 = 3*y - n. Suppose 5*v = 2*s + 3*s - y, 0 = 4*v - 3*s + 168. Let j = -15 - v. What is the units digit of j?
4
Let m = 1046 + -280. What is the tens digit of m?
6
Let a = -21 + 22. Let i be (-2 - a)/(5/45). What is the units digit of (10 - 0)/((-6)/i)?
5
Let p be 3 - (-2 - -3 - 138). Suppose 0 = 3*h - h - p. Suppose -3*b - 2*b + h = 5*v, 10 = b + 3*v. What is the units digit of b?
6
Let b(f) = -9*f - 23. Let h be b(-10). Let q = 68 + h. What is the tens digit of q?
3
Let u(l) = -l**3 + 5*l**2 + 8*l - 8. Let k be u(6). Suppose 0 = -3*m - c + 9 + 16, 2*m - 26 = -3*c. Let a = m + k. What is the tens digit of a?
1
Let l(n) be the second derivative of 11*n**3/6 + 5*n**2 - 18*n. What is the tens digit of l(11)?
3
Suppose 5*z = 4*k + 5, 5*k - 4*z + 5 = -8. What is the units digit of (8/k)/(4/(-150))?
0
Let q = 66 - -339. What is the tens digit of q?
0
Let x = 5 + -7. Let j be ((-5)/(-10))/(-2*(-2)/992). What is the units digit of j/4 - (2 + x)?
1
Let z(s) = s**3 - 7*s**2 - 7*s - 7. Let v be z(8). Suppose f = 2*l + 12, 4*l + 5*f - v = 3. What is the units digit of (-762)/(-30) + l/10?
5
Suppose 16 = -4*r + 5*k, 3*k - k = r + 1. Let z(x) = x**3 + 9*x**2 - 4*x + 4. Let u be z(r). What is the units digit of u + 1/((-1)/(-3))?
3
Suppose -2*q - 8 = -q + 2*f, 34 = -5*q - 4*f. What is the tens digit of (-4)/q + (-218)/(-6)?
3
Let c = -64 + -76. Let r = c + 203. What is the units digit of r?
3
Let f(z) = -z**3 - z**2 - z + 3. Suppose 0 = -0*o - 2*o + 6. Suppose -2*r = o*r. What is the units digit of f(r)?
3
Suppose 5*v + 2*h - 15695 = 0, 44*h + 6278 = 2*v + 41*h. What is the tens digit of v?
3
Suppose 0 - 5 = -o. Let l = 5 - 0. Suppose -l*d = -3*b + 85, 10*d - o*d + 50 = 2*b. What is the tens digit of b?
3
Suppose 0 = -o + d + 790, -6*o + 8*o - 1571 = -d. What is the units digit of o?
7
Let z(h) = h**2 + 9*h + 11. Let m be z(-8). Suppose -m*u + 36 + 60 = 0. What is the tens digit of u?
3
Suppose -b - 4*p = -4*b - 28, -2*p + 12 = -b. What is the units digit of (97/b)/(-2 + (-14)/(-8))?
7
Let l(x) = -5*x - 1 + 2*x + x + 177*x**2. What is the units digit of l(-1)?
8
Let w(f) = f. Let q be w(1). Suppose q = -g + 60. Suppose -g = -5*b + 121. What is the units digit of b?
6
Suppose -989 - 2107 = -8*u. What is the units digit of u?
7
Suppose 4*p + 20 = 0, -5*l = -0*l - 5*p - 810. What is the tens digit of l?
5
Suppose -3*a = 10*a. Suppose 0 = y - 29 - a. What is the units digit of y?
9
What is the units digit of 1364 + (-2)/(-4 - 33/(-9))?
0
Let u be (-18649)/(-68) - 2/8. Suppose h + 4*o + u = 4*h, -4*h + 358 = 2*o. Suppose 138 = 5*k - 5*r - 17, -2*k + h = 5*r. What is the tens digit of k?
3
Let c = 6 - -2. Let n(w) = -6*w - w + w**2 + 1 - 2. What is the units digit of n(c)?
7
What is the hundreds digit of 955 + -105 + (2 - 0 - 1)?
8
Suppose 52 + 2 = f + 5*u, -296 = -5*f + u. Suppose 2*t - 3*p + 84 + 13 = 0, 0 = t + 2*p + f. What is the units digit of (8 + -7)/((-1)/t)?
3
Suppose 190*c = 191*c - 2*u - 2332, -5*c = -5*u - 11685. What is the tens digit of c?
4
Let s be 48/9*(-12)/8. Let l = s + 12. Suppose 0 = l*r + 126 - 342. What is the tens digit of r?
5
What is the thousands digit of (160/4)/(-10)*-1289?
5
Let a be -3 + (-39)/6*-4. Suppose 27 = z + a. Suppose -2*i = -18 + z. What is the units digit of i?
7
Let m(j) = 15*j**2 - 2*j + 7. What is the units digit of m(4)?
9
Suppose -168 = 2*o - 40. Let h = o - -135. What is the units digit of h?
1
Suppose -84*l = -86*l + 40. What is the tens digit of 946/10 - (7 + (-148)/l)?
9
Let v(m) = 40*m + 4. Let t be v(6). Suppose 0 = 5*a - 276 - t. Suppose -7*n = -3*n - a. What is the units digit of n?
6
Let d = 77 - 28. What is the tens digit of d?
4
Let u(w) = 46*w**2 + 5*w + 10. What is the hundreds digit of u(-4)?
7
Suppose -2256 = -5*a - 351. Let j = a + -266. What is the hundreds digit of j?
1
Let o(d) = d**3 + d**2 - d - 1. Let n(h) = -5*h**3 + h**2 - 2. Let b(x) = -n(x) - 4*o(x). Let s be b(5). What is the units digit of s + 1 + (-3 - 0)?
4
Suppose -2*v - 11 = 129. Let n be v/(-4)*(-56)/(-35). Suppose -z = z + 5*s - n, -3*s - 25 = -z. What is the units digit of z